 a(p)?
1
Let z(p) = 2*p**2 - 4*p - 1. Let i(m) = 9*m**2 - 21*m + 1. Let d(y) = i(y) - 5*z(y). What is d(0)?
6
Suppose -15*g = -8*g - 49. Let z(b) = -b**3 + 6*b**2 - 3*b + 4. Determine z(g).
-66
Let m(r) = -29*r + 156. Let u be m(6). Let b(t) = -t - 22. What is b(u)?
-4
Suppose -5*i = v - 4*v + 23, 0 = 5*v + 5*i + 15. Let l(u) be the first derivative of -7*u**2/2 + u + 63. Determine l(v).
-6
Let t(v) be the first derivative of -2*v**3/3 + 8*v**2 - 9*v + 373. What is t(7)?
5
Suppose -d - 3*s = -4*d + 324, 2*d + s = 225. Let z(p) = -51*p - 61*p + d*p. What is z(0)?
0
Let x = 17 + -14. Let p(q) = x*q + 3*q**2 - q - 2*q**2 - 2*q**2. Determine p(4).
-8
Let w(x) = 3*x - 3. Let h(m) = 10*m - 10. Let q(o) = 5*h(o) - 16*w(o). Let v be (-94)/(-18) - (-10)/(-45). Determine q(v).
8
Let i(u) = -2*u. Let o(y) = 2*y**3 + 2*y - 1. Let d be o(1). Let v(c) = -d*c - 44 + 45 + 2*c. Let p be v(4). Give i(p).
6
Let q be (-46 + -2)/(-3)*(0 + -1). Let x(y) = -y - 24. Let c be x(q). Let z(d) = -d**3 - 8*d**2 + d - 2. Give z(c).
-10
Let q = -8 - -10. Suppose 1 = -v - q*c - 1, -17 = -2*v + 3*c. Let m(i) = -i**2 - 6*i + i + 6*i - v. Determine m(0).
-4
Let b be 1/4 + 34/(-8). Let v be (-128)/20 + 6 + 22/5. Let d(l) = -v - 1 + 4*l**2 - 5*l + l**2 - 6*l**2. Determine d(b).
-1
Let x be 1/((-8)/(-32)) + -3. Let r(m) = 10*m**3 - m + 1. What is r(x)?
10
Let t(z) = z**3 + 3*z**2 - z - 2. Let w be t(1). Let a(i) = i**2 - i + 1. Calculate a(w).
1
Let k(g) = 8*g**2 + g - 3. Let r(o) = 15*o**2 - 79*o + 21. Let z be r(5). Determine k(z).
6
Let y(p) = 0*p + p + 0*p - 1 - 2*p. Let k(d) = 2*d + 17. Let c be k(-14). Let j be 3/(-12) + c/4. Give y(j).
2
Let t(v) = 3*v**2 + 1 + 3 - 1 - 4*v**3 + 3*v**3 - 2*v. Let g = -1 + -3. Let r be (0 + g/(-6))*3. What is t(r)?
3
Let b(a) = 2*a - 5. Suppose 0*r = r + k - 12, 5*r - 3*k - 20 = 0. Suppose -2*i + r*i - 5 = 0. Let w(j) = 8*j**2 - j - 1. Let g be w(i). Give b(g).
7
Let r(v) = -7*v - 3 + 4 + 5 - v**2 - 2 + 18*v. Determine r(10).
14
Let m(v) = v**3 - 4*v - 2. Let a(p) = 3*p**3 - p**2 - 12*p - 4. Let x(s) = -3*a(s) + 8*m(s). What is x(4)?
-4
Let v(c) = 2*c + 22 + 0*c - 3 - 3 - 5. Calculate v(3).
17
Let r(a) = -a - 14. Let u(f) = -5*f - 52. Let h(s) = 9*r(s) - 2*u(s). Give h(0).
-22
Let u(l) = 2*l**2 + 13*l - 12. Let f be (4/1 - 1)*637/(-273). What is u(f)?
-5
Let r(m) = 3*m - 3. Let b = 111 - 117. Calculate r(b).
-21
Let p(y) = y**2 - 6*y - 4. Let f be p(7). Let m(a) = a**2 - 3*a - 3. Determine m(f).
-3
Let r(m) = m + 7. Let u = 12 + -13. Let x be 2*(-1)/(-1)*u. Let t be (6/4)/(x/8). What is r(t)?
1
Let y(n) = -n + 4*n**2 + 3*n + 0*n. Let b be -4 + -4 + (6 - 2) - -2. Give y(b).
12
Suppose -2*f - 2*h = -6, 2*f + f + 4*h = 10. Let y(l) = -3*l + 4*l**2 + l**3 - 4*l + 2*l + l - f. Suppose -7 - 2 = -3*u, -3*z + 4*u - 27 = 0. Calculate y(z).
-7
Let f = -31 + 139. Let l be (2/(-12))/((-18)/f). Let y(d) = -35*d**3 - 2*d**2 + 68*d**3 - 35*d**3 + l. What is y(-1)?
1
Let i = -3 - -4. Let d be (-48)/(-15) - i/5. Let m be d/(((-30)/4)/(-5)). Let f(b) = -2*b**2 + 2*b + 1. Calculate f(m).
-3
Let a(j) = -792*j - 4743. Let v be a(-6). Let w(t) = 2*t**2 + 9*t + 5. Let x(k) = -k**2 - 9*k - 5. Let z(u) = 2*w(u) + 3*x(u). Calculate z(v).
-5
Let w = 115 - 108. Let y(z) = -z**2 + 4*z + 2. Calculate y(w).
-19
Let w be (6/(-15))/((-2)/(-270)*-1). Let i be (-420)/w + 4/(-18). Let f(p) = p**2 + 7*p - 8. Calculate f(i).
0
Let o(p) = -3*p - p**2 - 4*p + 8 - 4 + 11. Let l be o(-9). Let g(r) = -r + 3*r**3 + 2*r - 2*r**3 + 4*r**2 + 1. Give g(l).
7
Let l be (3 - 55/20) + (-33)/(-12). Let x(c) = 14*c**2 - 18*c. Let g(b) = 5*b**2 - 6*b. Let t(n) = 11*g(n) - 4*x(n). What is t(l)?
9
Let x be (2/(-4))/(4/24). Let g be (5 - (x + 4))/1. Let f(m) = 8*m**3 - 1 + 2*m + 25*m**2 - g*m - 26*m**2. Give f(-1).
-8
Let v(s) = -1170*s - 1176*s + 2347*s - 2. Suppose 2*c - c + 3 = 0. What is v(c)?
-5
Let l(s) = -101 + s + 6*s - 2*s - 97 + 194. What is l(3)?
11
Let f be (-2 + 6*-2)/(-2). Let s(y) = -4*y - y**2 + 3 - f*y + 4*y - 5. What is s(-7)?
-2
Let t be 27/4 + (-6)/8. Let i be t - 7 - (-18)/1. Let h(c) = 1 + 1 + i*c - 21*c. Calculate h(3).
-10
Suppose -f + 3*v - 4 = 0, -v - 51 + 47 = -3*f. Let z(a) = -8*a + 1. Give z(f).
-15
Let c(a) = 2*a + 2. Suppose 5*x - 3*v = v - 36, 5*x + 16 = -v. Let g be (6 - 5)*2*6/x. Determine c(g).
-4
Suppose -11*c = -c - 40. Let g(n) = 18*n - 3*n**3 + 2*n**3 - 12*n + c*n**2 + 7. Calculate g(5).
12
Let c(g) = -9*g**2 + 0*g + 0*g**3 + 4*g**3 - 3 + 12*g + 4*g**3. Let t(f) = 3*f**3 - 3*f**2 + 4*f - 1. Let i(y) = -4*c(y) + 11*t(y). Give i(-4).
1
Suppose -6*y + 952 = y. Let i(w) = 2*w + y - 2*w**2 - 136 + w. Determine i(3).
-9
Let u(z) = z - 2. Let w(p) = -1. Let l(t) = 2. Let o(r) = l(r) + 3*w(r). Let h(m) = 3*o(m) - u(m). Determine h(-6).
5
Let j(w) = -w**3 + 50*w**2 - 139*w - 97. Let k be j(47). Let d(x) = -8*x - 19. Calculate d(k).
5
Suppose -4 = 9*i - 5*i. Let k(t) be the second derivative of t**4/6 + 3*t**2/2 - 2*t. Let p(s) be the first derivative of k(s). Calculate p(i).
-4
Let l(v) = 28 - 3*v**2 - 14 + 4*v**2 - v - 2*v**2. Give l(0).
14
Suppose 0*p + 3*u = 3*p - 9, -3 = -p - 2*u. Let t(k) = -33*k**2 + k**p - 25*k**2 - 1 + 55*k**2 - k. Determine t(3).
-4
Let r = 10 - 14. Let t(s) = -9*s**2 + 2*s + 10. Let a(p) = -20*p**2 + 6*p + 23. Let g(j) = -4*a(j) + 9*t(j). What is g(r)?
6
Let a(g) = g + 1. Let t(f) = -f**3 + 5*f**2 + 6*f + 1. Let i be t(6). Let h be (-3 + -3)*i/2. Determine a(h).
-2
Let b(g) = -2*g + 1. Suppose 14 = 5*i - x, 5*i - x = 9*i - 4. Calculate b(i).
-3
Let b(g) = -2*g**2 - 29*g + 51*g + 4 - 18*g. Calculate b(4).
-12
Suppose -h + k = -3, -k - k - 6 = -h. Suppose -u - 3*u + 16 = h. Let v(i) = -i**2 + 5*i + 4. What is v(u)?
8
Suppose -4*l - 2 = -r + 10, -3*l = 5*r + 9. Let w be (2 + -6)*-1 - 2. Let i(v) = -4 + 1 + 2 + v**2 + 4 + w*v. What is i(l)?
6
Let q(y) = -4*y**3 + 1 - 4*y**3 + 4*y**3. Let p(b) = b**3 + 10*b**2 + 9*b + 3. Let i be p(-9). Let o = -2 + i. What is q(o)?
-3
Let h(k) = k**3 - 3*k + 6. Let s be h(0). Suppose -28*u + 22*u = -s. Let m(b) = -14*b**3 + b**2 - b + 1. Calculate m(u).
-13
Let w(o) = -o**3 - 43*o**2 - 45*o - 132. Let j be w(-42). Let x(r) = -r**3 - 6*r**2 - 2*r - 10. What is x(j)?
2
Suppose -4*v - 22 = 3*y - y, -y = v + 5. Let u be (v/(-9))/(1/6). Let f(b) = -3*b + 4*b - u + 5. Calculate f(-4).
-3
Let d(u) = 2*u - 1. Let a = -16 - -27. Suppose -5*m = -34 - a. Let j(i) = -7*i + 3. Let x(f) = m*d(f) + 2*j(f). What is x(2)?
5
Let d be (-204)/33 - 2/(-11). Let s(x) = -3*x - 8. Let p(r) = 6*r + 16. Suppose 4*u - 6 = 6. Let l(f) = u*p(f) + 5*s(f). Give l(d).
-10
Let a(d) = -d**2 + d + 2. Let s(c) = -4*c**2 + 5*c + 9. Let g(n) = -5*a(n) + s(n). Calculate g(-1).
0
Let t(a) = -3*a**2 + 2*a + 1. Let b = -159 - -158. Determine t(b).
-4
Let p = -47 + 69. Suppose -d + 1 = -z, 2*d + z + z = p. Let i(s) = 2*s - 7. What is i(d)?
5
Let s(q) = -q - 15. Let g be s(-7). Let b(l) be the second derivative of -l**5/20 - 3*l**4/4 - 4*l**3/3 - 5*l**2/2 + 5*l + 3. Calculate b(g).
-5
Let v(i) = -i**2 - 9*i + 3. Let d be 3/(-1 - -2 - (-1)/2). Let h(b) = -5*b**2 - 37*b + 13. Let c(n) = d*h(n) - 9*v(n). What is c(6)?
5
Let b(s) = -5*s - 8. Let u be b(-3). Suppose -10*j + u*j = 0. Let k(i) = i - 1. Determine k(j).
-1
Let u(m) = m**3 + 11*m**2 + 12*m + 14. Suppose 8*z + 40 = 4*z. Calculate u(z).
-6
Let p(s) be the third derivative of s**4/6 + 7*s**3/6 + s**2 + 31. What is p(5)?
27
Let x(c) = c**3 + 6*c**2 + c + 5. Let h = -81 + 38. Let u = h - -37. What is x(u)?
-1
Let y(h) be the second derivative of h**8/6720 - h**7/630 + h**6/240 + h**5/30 + 11*h**4/12 - 7*h. Let d(b) be the third derivative of y(b). Calculate d(3).
4
Let c(a) = -3*a - 1. Let h(s) = -5*s - 1. Let x(y) = 2*c(y) - h(y). What is x(-2)?
1
Let y(v) = v**3 - 2*v**2 + 2*v - 1. Suppose 13 = 3*m + 3*b - 5*b, b + 14 = 4*m. Determine y(m).
14
Let h(z) = -z + 5. Let i(g) = 2*g - 9. Let j(l) = -5*h(l) - 3*i(l). Suppose -24 = -d - 2*d. Let n(p) = p**3 - 9*p**2 + 6*p + 11. Let o be n(d). Calculate j(o).
7
Suppose 2*h = -2*h + 12. Suppose -2*c + 20 = -x + 3*x, -2*c - 15 = -5*x. Let s(p) = -p**2 - p + c*p + 4*p - h*p. What is s(6)?
-6
Let n = -52 + 55. Let r(o) = o**3 - 5*o + 3. Give r(n).
15
Suppose -5 = 5*v - 15. Let i be (-14)/4 + 3/v. Let n be (i/(-6))/((-6)/90). Let q(r) = r + 11. Give q(n).
6
Let 